 22 = 4*t - 5*f, 4*f - 8 = s*t. Let v = t + 3. List the prime factors of v.
2, 3
Let w = 19 + -17. Suppose 6*k + 3*m = w*k + 192, 5*k = -4*m + 241. What are the prime factors of k?
3, 5
Suppose -2*m - 3*m + 290 = 0. Suppose 2*r = -5*c + 48, m = 3*r - 0*c + 4*c. What are the prime factors of r?
2, 7
Let m(q) = -36*q + 7. Let a be m(-3). Suppose 4*p + u + 3*u = 224, -2*p + a = u. List the prime factors of p.
59
Let f be (-7)/(-5) - 12/(-20). Suppose -3*p + 56 = f. List the prime factors of p.
2, 3
Suppose 2*r = -r + 447. What are the prime factors of r?
149
Let g(f) = -f**3 + 6*f**2 + f - 3. Let m(z) = z**3 - 6*z**2 + 2. Let s(k) = -5*g(k) - 6*m(k). Let u be s(5). List the prime factors of 1/(3/u) + 5.
2, 3
What are the prime factors of (-5 - (-18)/(-12))*(-88)/2?
2, 11, 13
Let n(p) be the second derivative of p**5/20 - p**4/4 - 2*p**3/3 + 3*p**2 + 2*p. Let i be n(4). Let t = 10 - i. What are the prime factors of t?
2
Let q(z) = -z**2 - 18*z - 19. List the prime factors of q(-15).
2, 13
Let b(o) = -o**3 + 3*o**2 - o + 3. Let h be b(3). Suppose -5*l - r = 3*r - 510, h = r. List the prime factors of l/(-3)*(-2)/4.
17
Suppose 0 = -3*n - w - 1, 4*n = -2*w - 4. Let u(d) = d**3 - 2*d + 1. Let a be u(n). Suppose -2*p + 3*p - 5 = a. List the prime factors of p.
5
Let a = -30 - -70. Suppose 0 = 3*p - 84 - 3. Let o = a - p. List the prime factors of o.
11
Suppose p = -2 - 5. Let s = -4 - p. What are the prime factors of s?
3
Let n be (20/(-15))/((-2)/21). Let a be 1/(8/n)*4. Suppose 3*i = -5*x + 8, 0 = -3*i - x + 9 + a. List the prime factors of i.
2, 3
Suppose -5*x = -12*x + 385. What are the prime factors of x?
5, 11
What are the prime factors of (-2 - -113)*(-8)/(-6)?
2, 37
Let w = -3 - -4. Let p(z) = 5*z**3 - 2*z**2 + 1. What are the prime factors of p(w)?
2
Let v(p) be the second derivative of p**3/6 - 3*p**2 - p. Let r be v(6). Suppose -y - 2 + 6 = r. What are the prime factors of y?
2
Suppose 3*j - 29 - 49 = 0. List the prime factors of j.
2, 13
Let f(n) = -n - 7. Let r be f(-10). Suppose r*j = -0*j - 117. Let t = -25 - j. What are the prime factors of t?
2, 7
Let r = -26 - -19. Let d = -1 - r. What are the prime factors of d?
2, 3
Suppose 2*r - 4*s = -4, 4*r = -4*s + 8 + 8. Suppose 4*n = 2*m + r*n - 10, -5*n + 2 = -2*m. List the prime factors of m.
3
What are the prime factors of (15/6 + -3)*-202?
101
Let v = 94 + -30. What are the prime factors of v?
2
Let r be (-4)/(-14) + (-72)/(-42). Let z be r/(-6) + (-11)/3. Let i(b) = -b**2 - 7*b + 2. What are the prime factors of i(z)?
2, 7
What are the prime factors of 2 - 1/(2/(-114))?
59
Let f(q) = q**2 + 3*q - 9. Let x be f(-7). Suppose -5*k = -2*i - x - 6, -3*i = -k + 18. Let g = 24 - k. List the prime factors of g.
3, 7
Suppose 0 = -4*o - 164 + 1004. Suppose -c = -4*c + 15, 0 = -5*p + 2*c + o. List the prime factors of p.
2, 11
Let k be (-17)/(-2)*54/9. Let u = 101 - k. List the prime factors of u.
2, 5
Let j be (62/4*-2)/(-1). Suppose -4*p + j = -p - 4*x, -5*p + 5*x = -55. List the prime factors of p.
13
Suppose -p = -5*p + 8. Let o be 6/9*(5 - p). Suppose 2*x - 9 = -2*x + r, 5*x - o*r = 12. List the prime factors of x.
2
Let y be 16 - (-1)/((-1)/(-2)). Suppose 7*p - 8*p = -2. Suppose 4*w + 3*k - y = -p*k, 3*w - 3*k = 27. What are the prime factors of w?
7
Suppose 2*t - 5*c - 24 = 0, 47 = 3*t - c - c. What are the prime factors of t?
17
Let k = 115 + -54. What are the prime factors of k?
61
Let k = -42 - -5. Let g = -19 - k. Suppose 14 = 3*s + o - 2*o, 3*o + g = 3*s. What are the prime factors of s?
2
Suppose j = 2*a - 31 + 11, 0 = -a - 5*j + 10. List the prime factors of a.
2, 5
Let n be (-1)/(-2) - 5/(-2). Suppose a = n - 0. Suppose 2*b - 6*b - 2*q = -38, -a*b - 4*q = -26. What are the prime factors of b?
2, 5
Suppose -5*j + 21 = -4. Let s be 4/(-18) - 94/(-18). Suppose y = 5*t + 35, 3*y - s = -j*t - 0. List the prime factors of y.
2, 5
Suppose -2*x - 1094 + 298 = -5*k, -4*k + 4*x + 644 = 0. List the prime factors of k.
2, 79
Let g(o) = o**2 + o - 2. Suppose 5*i = 0, w + 5*i = -w - 4. Let s be g(w). List the prime factors of 0 + (7 - s) + 2.
3
Let p(s) = -4 + 0*s + 0 + 3*s + 1. What are the prime factors of p(8)?
3, 7
Let l(k) = k - 2. Let d = -2 + 20. Suppose 3*m = 4*y - 3*y + 12, y = -3*m + d. What are the prime factors of l(m)?
3
Suppose -8 = -5*k + k. Suppose 7*i - 2*i + 2*o - 9 = 0, 12 = -4*o. Suppose -k*t = -5*m + 42 + 18, 36 = 3*m - i*t. List the prime factors of m.
2, 3
Let c(v) = 2*v**2 - 2*v + 5. Let f(j) = -6*j**2 + 6*j - 14. Let g(h) = -11*c(h) - 4*f(h). Suppose 8 = 4*n - 4. List the prime factors of g(n).
13
Let o(i) = 3*i - 1 + 22*i - 7*i. List the prime factors of o(1).
17
Let u = -354 + 498. What are the prime factors of u?
2, 3
Let f(k) = 5*k**3 + k**2 + 4*k - 1. List the prime factors of f(3).
5, 31
Suppose 0 = l - 3. Suppose 3*q = 4*q + l. What are the prime factors of 1/(-3) - 49/q?
2
Suppose -3*n = -2*n - 7. Let x(w) = 2*w - 5. What are the prime factors of x(n)?
3
Suppose -4*k + 5*q = 196, 0 = 6*k - 3*k + q + 166. Let x = k + 27. Let i = 39 + x. List the prime factors of i.
2, 3
Suppose j + 4*j = 815. What are the prime factors of j?
163
Suppose -3*y = o - 334, -2*o + 919 = -5*y + 262. List the prime factors of o.
331
Let n(r) be the second derivative of -r**5/20 - r**4/3 + 3*r**2 - 3*r. List the prime factors of n(-5).
31
Let o = 5 + 1. List the prime factors of o.
2, 3
Suppose 30 = 6*w - 4*w. Suppose -w = -8*o + 3*o. Suppose -o*m = -33 - 3. What are the prime factors of m?
2, 3
Suppose 0 = 4*b - 3*b + a - 70, -5*b + 385 = -2*a. Suppose f - 15 = -2*q, -3*f + 5*q = -f - b. List the prime factors of f.
5
Let v be (32/(-3))/(1/(-3)). Let p = -42 - -44. Suppose 2*q = 2*i + v, 4 - 8 = p*i. What are the prime factors of q?
2, 7
Suppose 0 = -5*d - 14 - 6. What are the prime factors of (-1)/d + (-107)/(-4)?
3
Let d(q) = -q + 12. Let z be d(9). What are the prime factors of (-231)/(-15) - z/(-5)?
2
Let m = 26 + -18. Let d = 1 + m. What are the prime factors of d?
3
Suppose 5 = -3*c - 0*l - l, -4*c = -l - 5. List the prime factors of 17 + -3 + c + 0.
2, 7
Let g(i) = i**3 + 8*i**2 - 8*i + 13. List the prime factors of g(-9).
2
Let g(c) = -c**3 - 3*c**2 + 3*c + 6. Let z = -11 + 7. List the prime factors of g(z).
2, 5
Suppose 6*u - 19 = 5*u - 5*h, 2*u - 14 = 2*h. Suppose -4*z = -w - 25, 2*z = w - 4*w + u. What are the prime factors of z?
2, 3
Let g = 82 + -41. What are the prime factors of g?
41
Let b = 2 - 22. Let g = 61 + b. What are the prime factors of g?
41
Suppose -4*f = -0*f + 3*w - 1082, 0 = -4*f + 5*w + 1066. What are the prime factors of f?
269
Suppose -i + 109 = -3*m, -4*m = 2*i + 3*i - 450. List the prime factors of i.
2, 47
Suppose 4*k + 136 = 3*w, 4 = -3*k + 10. What are the prime factors of w?
2, 3
Suppose -d + 4*d - 3 = 0. List the prime factors of (1 - 3)*d + 6.
2
Let z(j) be the third derivative of -j**4/24 + 5*j**3/3 - j**2. Let i = 44 + -38. List the prime factors of z(i).
2
Suppose -5*h + 30 = x, -2*h + 2*x = 3*h - 30. What are the prime factors of h?
2, 3
Suppose -k + 3*x - 23 = 0, -4*x = -5*k + k - 116. Let t = k - -52. List the prime factors of t.
2, 5
Let i(x) be the first derivative of -x**4/4 + 5*x**3/3 - 3*x**2/2 + 3*x - 2. Let g be i(3). Suppose -2*b = -5*b + g. What are the prime factors of b?
2
Suppose 5*j - 237 = 4*h + 142, j - 91 = -3*h. List the prime factors of j.
79
Let u(l) = l**2 + 7*l + 3. Let t be u(-7). Suppose 3*h = 4*h, -4*h + 15 = t*j. List the prime factors of j.
5
Suppose 4*q = -l + 16, l + 52 = 3*l - 2*q. List the prime factors of l.
2, 3
Suppose -104 = -4*l - 4*d, 2*l + 4*d + 26 = 72. List the prime factors of l.
29
Let o be 1/(-2) - 466/(-4). Suppose -9*a = -5*a - o. What are the prime factors of a?
29
Let t = 197 - 126. What are the prime factors of t?
71
Suppose -4*t + 2 = -2*f - 0, -3 = -3*f + 4*t. Suppose -f*x = -4*x - 3. Suppose -4*z - 5*q + 46 = -21, 2*q = -x*z + 45. List the prime factors of z.
13
Suppose -2*g = -5*k - 63, 2*k - 6 + 153 = 5*g. What are the prime factors of g?
29
Let h(b) = -b**2 + 4*b - 6. Let g(w) = -3*w**2 + 11*w - 17. Let a(y) = -3*g(y) + 8*h(y). List the prime factors of a(4).
3, 5
Let a = 22 - -3. What are the prime factors of a?
5
List the prime factors of (2 + (-21)/(-3))/(3/28).
2, 3, 7
Let g(d) = -d - 